 the prime factors of 107227705?
5, 13, 1649657
What are the prime factors of 93509257?
93509257
What are the prime factors of 1033851?
3, 7, 13, 541
What are the prime factors of 27355124?
2, 541, 12641
List the prime factors of 836928043.
7, 119561149
What are the prime factors of 12362601?
3, 83, 131, 379
What are the prime factors of 166324989?
3, 43, 1289341
List the prime factors of 3033793.
7, 433399
What are the prime factors of 316965105?
3, 5, 7043669
List the prime factors of 9076324049.
13, 698178773
List the prime factors of 113482654.
2, 89, 637543
What are the prime factors of 4830875691?
3, 59, 239, 114197
What are the prime factors of 155267129?
155267129
What are the prime factors of 259971811?
11, 23633801
What are the prime factors of 5897180227?
5897180227
List the prime factors of 4568042177.
43, 106233539
List the prime factors of 155353779.
3, 7, 2465933
List the prime factors of 4797200635.
5, 109, 8802203
What are the prime factors of 6112498458?
2, 3, 11, 383, 241811
What are the prime factors of 526531825?
5, 3607, 5839
What are the prime factors of 1046546416?
2, 65409151
What are the prime factors of 527938819?
139, 3798121
List the prime factors of 652932646.
2, 326466323
List the prime factors of 21813374.
2, 11, 101, 9817
What are the prime factors of 454311041?
83, 5473627
List the prime factors of 93454786.
2, 1459, 32027
What are the prime factors of 2951412482?
2, 89, 373, 44453
List the prime factors of 1642447104.
2, 3, 53, 40351
List the prime factors of 2160632438.
2, 43, 4801, 5233
What are the prime factors of 72837317?
7, 19, 53, 10333
What are the prime factors of 67237680?
2, 3, 5, 281, 997
What are the prime factors of 272905219?
43, 6346633
What are the prime factors of 447899857?
59, 109, 257, 271
What are the prime factors of 100818677?
2689, 37493
What are the prime factors of 1948942215?
3, 5, 11, 437473
What are the prime factors of 260952205?
5, 61, 855581
What are the prime factors of 2659611864?
2, 3, 7, 13, 1217771
List the prime factors of 62009784.
2, 3, 43, 20029
What are the prime factors of 358444089?
3, 29, 73, 6271
List the prime factors of 55662412.
2, 13, 1070431
What are the prime factors of 619340965?
5, 29, 37, 67, 1723
What are the prime factors of 101083860?
2, 3, 5, 41, 13697
What are the prime factors of 1057423082?
2, 31, 127, 134293
List the prime factors of 921449698.
2, 13, 283, 125231
List the prime factors of 4019434430.
2, 5, 11, 127, 149, 1931
List the prime factors of 1888223484.
2, 3, 7, 593, 37907
List the prime factors of 1667863886.
2, 13, 227, 461, 613
List the prime factors of 33926691.
3, 11308897
What are the prime factors of 96948074?
2, 48474037
What are the prime factors of 2540076423?
3, 10069, 84089
List the prime factors of 246384975.
3, 5, 263, 12491
What are the prime factors of 591145990?
2, 5, 5623, 10513
List the prime factors of 182221203.
3, 23, 719, 3673
List the prime factors of 750381179.
47, 71, 109, 2063
List the prime factors of 21574551.
3, 47, 53, 2887
What are the prime factors of 63765294?
2, 3, 2417, 4397
List the prime factors of 1589306517.
3, 29, 499, 12203
What are the prime factors of 3068567864?
2, 17, 1231, 18329
List the prime factors of 6272797208.
2, 29, 127, 212897
List the prime factors of 111861650.
2, 5, 23, 211, 461
List the prime factors of 1782348732.
2, 3, 19, 677, 1283
What are the prime factors of 1374206379?
3, 7, 13, 5033723
What are the prime factors of 1180124011?
11, 293, 33287
What are the prime factors of 6400375?
5, 51203
List the prime factors of 841476378.
2, 3, 140246063
List the prime factors of 120106936.
2, 15013367
What are the prime factors of 219258891?
3, 79, 359, 859
What are the prime factors of 216659716?
2, 7, 13, 37, 16087
List the prime factors of 106044332.
2, 167, 158749
List the prime factors of 4881101780.
2, 5, 53, 239, 19267
What are the prime factors of 85062734?
2, 19, 937, 2389
What are the prime factors of 328003361?
7, 59, 239, 3323
What are the prime factors of 27592016?
2, 41, 42061
List the prime factors of 494448849.
3, 54938761
List the prime factors of 3706316335.
5, 741263267
List the prime factors of 718971114.
2, 3, 9323, 12853
What are the prime factors of 269274905?
5, 53854981
What are the prime factors of 39017201?
3313, 11777
List the prime factors of 786801944.
2, 98350243
List the prime factors of 2017362448.
2, 31, 4067263
What are the prime factors of 471895113?
3, 31, 5074141
List the prime factors of 390445754.
2, 195222877
List the prime factors of 26605431.
3, 47, 62897
List the prime factors of 4385665072.
2, 3019, 90793
List the prime factors of 293976668.
2, 73494167
List the prime factors of 1376123094.
2, 3, 943843
What are the prime factors of 2988755?
5, 7, 11, 1109
What are the prime factors of 144088073?
17, 8475769
What are the prime factors of 1389392359?
509, 2729651
List the prime factors of 66440124.
2, 3, 1845559
What are the prime factors of 48434581?
13, 17, 47, 4663
List the prime factors of 5730212576.
2, 11, 17, 277, 3457
What are the prime factors of 1266823787?
1619, 782473
List the prime factors of 5449354882.
2, 281, 9696361
List the prime factors of 986149752.
2, 3, 7, 37, 158647
What are the prime factors of 1591745071?
7, 17, 73, 97, 1889
List the prime factors of 1739822195.
5, 347964439
What are the prime factors of 3892409?
29, 79, 1699
What are the prime factors of 1247640109?
1247640109
What are the prime factors of 278562898?
2, 3557, 39157
What are the prime factors of 228323188?
2, 57080797
What are the prime factors of 149549695?
5, 67, 446417
What are the prime factors of 3603399?
3, 919, 1307
List the prime factors of 1274688619.
109, 11694391
What are the prime factors of 419700265?
5, 83940053
List the prime factors of 57543400.
2, 5, 19, 797
List the prime factors of 15998815.
5, 7, 41, 11149
What are the prime factors of 107792602?
2, 53896301
What are the prime factors of 169208022?
2, 3, 61, 643, 719
What are the prime factors of 94612138?
2, 79, 281, 2131
What are the prime factors of 1003142850?
2, 3, 5, 179, 37361
What are the prime factors of 411857440?
2, 5, 43, 59863
List the prime factors of 1734764502.
2, 3, 409, 706913
What are the prime factors of 74265870?
2, 3, 5, 7, 19, 2659
What are the prime factors of 1847306152?
2, 230913269
What are the prime factors of 5070155105?
5, 1033, 981637
What are the prime factors of 3400979077?
6737, 504821
What are the prime factors of 15078116?
2, 17, 221737
List the prime factors of 821759806.
2, 7, 53, 263, 4211
What are the prime factors of 408112616?
2, 51014077
List the prime factors of 56565890.
2, 5, 163, 34703
List the prime factors of 153317795.
5, 30663559
List the prime factors of 187501439.
53, 3537763
List the prime factors of 2532678994.
2, 23, 55058239
List the prime factors of 13866928.
2, 866683
List the prime factors of 605664737.
605664737
What are the prime factors of 14899248?
2, 3, 7, 13, 379
What are the prime factors of 733024888?
2, 5639, 16249
What are the prime factors of 6767975186?
2, 7, 483426799
What are the prime factors of 17083225?
5, 53, 12893
What are the prime factors of 780969776?
2, 941, 51871
List the prime factors of 65670047.
65670047
What are the prime factors of 19208568?
2, 3, 800357
List the prime factors of 930161516.
2, 2837, 81967
List the prime factors of 84467667.
3, 41, 686729
List the prime factors of 1366809342.
2, 3, 227801557
List the prime factors of 449202084.
2, 3, 17, 2201971
What are the prime factors of 94855025?
5, 113, 33577
What are the prime factors of 16378322?
2, 8189161
What are the prime factors of 2250232962?
2, 3, 71, 467, 11311
List the prime factors of 518777086.
2, 2543, 102001
What are the prime factors of 54749471?
7, 7821353
What are the prime factors of 268170386?
2, 11, 23, 529981
What are the prime factors of 356722567?
356722567
What are the prime factors of 43375165?
5, 8675033
What are the prime factors of 129176444?
2, 149, 193, 1123
What are the prime factors of 44033343?
3, 14677781
What are the prime factors of 62323745?
5, 11, 1133159
List the prime factors of 420311086.
2, 13, 557, 29023
List the prime factors of 5361046973.
19, 43, 101, 64969
What are the prime factors of